918?
1
What is the units digit of 7844?
4
What is the thousands digit of 2880?
2
What is the tens digit of 3116?
1
What is the tens digit of 6083?
8
What is the hundreds digit of 17475?
4
What is the tens digit of 4832?
3
What is the tens digit of 52243?
4
What is the thousands digit of 79654?
9
What is the units digit of 6664?
4
What is the ten thousands digit of 49424?
4
What is the units digit of 5024?
4
What is the units digit of 6479?
9
What is the thousands digit of 28946?
8
What is the units digit of 38840?
0
What is the tens digit of 58847?
4
What is the hundreds digit of 220?
2
What is the tens digit of 969?
6
What is the tens digit of 120?
2
What is the hundreds digit of 66681?
6
What is the thousands digit of 52689?
2
What is the thousands digit of 1727?
1
What is the ten thousands digit of 69037?
6
What is the tens digit of 563?
6
What is the units digit of 763?
3
What is the units digit of 1529?
9
What is the tens digit of 26958?
5
What is the ten thousands digit of 20801?
2
What is the tens digit of 9893?
9
What is the tens digit of 4212?
1
What is the units digit of 4517?
7
What is the tens digit of 2157?
5
What is the units digit of 1100?
0
What is the units digit of 5588?
8
What is the units digit of 102569?
9
What is the tens digit of 912?
1
What is the thousands digit of 45097?
5
What is the hundreds digit of 1007?
0
What is the thousands digit of 34112?
4
What is the thousands digit of 1553?
1
What is the hundreds digit of 317?
3
What is the thousands digit of 163845?
3
What is the thousands digit of 2673?
2
What is the tens digit of 19274?
7
What is the units digit of 85775?
5
What is the units digit of 20419?
9
What is the hundreds digit of 85416?
4
What is the tens digit of 31592?
9
What is the units digit of 9775?
5
What is the tens digit of 5142?
4
What is the tens digit of 415?
1
What is the thousands digit of 11372?
1
What is the hundreds digit of 1372?
3
What is the thousands digit of 22821?
2
What is the ten thousands digit of 80167?
8
What is the hundreds digit of 9649?
6
What is the tens digit of 3821?
2
What is the units digit of 2163?
3
What is the thousands digit of 3263?
3
What is the units digit of 177639?
9
What is the tens digit of 689?
8
What is the tens digit of 6595?
9
What is the tens digit of 32977?
7
What is the units digit of 21027?
7
What is the thousands digit of 1177?
1
What is the units digit of 15246?
6
What is the units digit of 522?
2
What is the thousands digit of 1386?
1
What is the hundred thousands digit of 117148?
1
What is the units digit of 31217?
7
What is the units digit of 10334?
4
What is the units digit of 593?
3
What is the units digit of 2193?
3
What is the hundreds digit of 2689?
6
What is the ten thousands digit of 10557?
1
What is the hundreds digit of 1929?
9
What is the hundreds digit of 2523?
5
What is the hundreds digit of 422?
4
What is the ten thousands digit of 31065?
3
What is the tens digit of 3243?
4
What is the tens digit of 1903?
0
What is the thousands digit of 3924?
3
What is the units digit of 110062?
2
What is the hundred thousands digit of 142323?
1
What is the hundreds digit of 1051?
0
What is the units digit of 611?
1
What is the thousands digit of 34123?
4
What is the thousands digit of 3913?
3
What is the hundreds digit of 15278?
2
What is the thousands digit of 26557?
6
What is the thousands digit of 20879?
0
What is the units digit of 6733?
3
What is the units digit of 39451?
1
What is the tens digit of 123?
2
What is the tens digit of 102590?
9
What is the hundreds digit of 3938?
9
What is the ten thousands digit of 12953?
1
What is the thousands digit of 38150?
8
What is the hundred thousands digit of 102978?
1
What is the tens digit of 2862?
6
What is the thousands digit of 2850?
2
What is the units digit of 157?
7
What is the units digit of 85917?
7
What is the hundreds digit of 766?
7
What is the thousands digit of 1843?
1
What is the units digit of 50226?
6
What is the hundreds digit of 1158?
1
What is the units digit of 17456?
6
What is the hundreds digit of 27268?
2
What is the units digit of 1149?
9
What is the units digit of 1393?
3
What is the units digit of 6848?
8
What is the tens digit of 248?
4
What is the tens digit of 5521?
2
What is the tens digit of 400?
0
What is the thousands digit of 2246?
2
What is the units digit of 12828?
8
What is the tens digit of 11035?
3
What is the ten thousands digit of 26293?
2
What is the tens digit of 596?
9
What is the thousands digit of 1627?
1
What is the tens digit of 65431?
3
What is the tens digit of 1363?
6
What is the thousands digit of 1537?
1
What is the thousands digit of 14132?
4
What is the units digit of 90831?
1
What is the hundreds digit of 1547?
5
What is the units digit of 345?
5
What is the hundreds digit of 1646?
6
What is the thousands digit of 20802?
0
What is the hundreds digit of 355?
3
What is the hundreds digit of 719?
7
What is the tens digit of 2662?
6
What is the thousands digit of 51529?
1
What is the units digit of 47065?
5
What is the thousands digit of 1113?
1
What is the thousands digit of 1777?
1
What is the thousands digit of 3409?
3
What is the thousands digit of 6825?
6
What is the units digit of 1972?
2
What is the units digit of 379?
9
What is the tens digit of 516?
1
What is the units digit of 6685?
5
What is the hundreds digit of 12937?
9
What is the units digit of 1066?
6
What is the thousands digit of 7141?
7
What is the units digit of 2552?
2
What is the thousands digit of 11966?
1
What is the thousands digit of 1179?
1
What is the tens digit of 6262?
6
What is the units digit of 18317?
7
What is the thousands digit of 81977?
1
What is the thousands digit of 1032?
1
What is the tens digit of 6468?
6
What is the hundreds digit of 564?
5
What is the units digit of 2457?
7
What is the hundreds digit of 1309?
3
What is the units digit of 1713?
3
What is the hundreds digit of 861?
8
What is the tens digit of 1569?
6
What is the units digit of 108?
8
What is the ten thousands digit of 79749?
7
What is the tens digit of 73489?
8
What is the units digit of 22458?
8
What is the hundreds digit of 857?
8
What is the hundreds digit of 714?
7
What is the hundreds digit of 10596?
5
What is the hundreds digit of 2569?
5
What is the ten thousands digit of 148867?
4
What is the units digit of 30325?
5
What is the tens digit of 146973?
7
What is the hundreds digit of 4339?
3
What is the hundreds digit of 113?
1
What is the ten thousands digit of 212339?
1
What is the thousands digit of 16317?
6
What is the thousands digit of 6353?
6
What is the tens digit of 33908?
0
What is the units digit of 70?
0
What is the hundreds digit of 64811?
8
What is the hundreds digit of 6721?
7
What is the units digit of 2322?
2
What is the hundreds digit of 2513?
5
What is the tens digit of 33834?
3
What is the thousands digit of 35588?
5
What is the hundreds digit of 3044?
0
What is the tens digit of 28617?
1
What is the units digit of 69830?
0
What is the units digit of 838?
8
What is the hundreds digit of 11044?
0
What is the tens digit of 5267?
6
What is the hundreds digit of 56328?
3
What is the ten thousands digit of 84328?
8
What is the tens digit of 2056?
5
What is the units digit of 7014?
4
What is the hundreds digit of 4143?
1
What is the tens digit of 35560?
6
What is the units digit of 1370?
0
What is the hundreds digit of 178?
1
What is the hundreds digit of 50703?
7
What is the tens digit of 2861?
6
What is the ten thousands digit of 25418?
2
What is the units digit of 5747?
7
What is the units digit of 1172?
2
What is the hundreds digit of 614?
6
What is the ten thousands digit of 90912?
9
What is the hundreds digit of 215?
2
What is the tens digit of 163?
6
What is the thousands digit of 36465?
6
What is the ten thousands digit of 87017?
8
What is the hundreds digit of 24054?
0
What is the thousands digit of 2842?
2
What is the units digit of 2973?
3
What is the units digit of 12884?
4
What is the hundreds digit of 2229?
2
What is the hundreds digit of 566?
5
What is the tens digit of 2127?
2
What is the hundreds digit of 3662?
6
What is the hundreds digit of 127253?
2
What is the units digit of 845?
5
What is the hundreds digit of 5277?
2
What is the units digit of 1871?
1
